se n = 4*x - 696. Is x composite?
True
Suppose 2*o + 565 = -2519. Let l = o + 2355. Is l a composite number?
True
Suppose 2*g = 3*i - 775391, 13*g + 1292320 = 5*i + 10*g. Is i composite?
True
Let r(f) be the third derivative of -3*f**7/560 - 17*f**6/720 + 7*f**5/60 - 35*f**2. Let o(q) be the third derivative of r(q). Is o(-8) composite?
False
Let p = 408254 - 76011. Is p a prime number?
False
Is (-2 - -176535) + 0*(-4)/92 a composite number?
True
Let g be -2*(3 - (-45)/(-10)). Suppose g*l - 616 = -5*l. Is l composite?
True
Let o = -244 - -238. Let w(x) = 25*x**2 - 2*x - 5. Is w(o) composite?
False
Suppose -144*b + 37908306 + 70085597 = 13966655. Is b a composite number?
True
Suppose 28518 = 11*i - 119333. Is i prime?
True
Let z(t) = t**3 - 7*t**2 + 10*t - 16. Let b be z(6). Let h be 110/(-7) + b/(-28). Is 526/3*4*(-6)/h a prime number?
True
Suppose 3*n + 43990 = 5*n + 2*i, 5*i = -n + 21983. Suppose 3*v - 30440 = 5*w + n, -v - 2*w + 17461 = 0. Is v a prime number?
True
Let h = 266757 - 144316. Is h a prime number?
False
Let b = 8359 + 120630. Is b prime?
False
Let i be (-1)/(-1*1/514). Suppose i = 135*a - 133*a. Is a prime?
True
Let k(z) = 9*z**2 - 5*z - 17. Let s(d) = -7*d**2 + 7*d. Let w(p) = 20*p**2 - 20*p. Let q(y) = -17*s(y) - 6*w(y). Let v(g) = k(g) + 5*q(g). Is v(-9) composite?
False
Let k(t) be the first derivative of 58*t**2 - 32*t + 16 - 5*t + 4*t + 54*t**2. Is k(5) a composite number?
False
Suppose 579*w - 139405 = 576*w - 2*i, 4*w - 185892 = 2*i. Is w a prime number?
True
Let i be (2 + 7/(-14))*3796. Suppose -8*h + i = -24394. Is h a prime number?
True
Let b = -509 + 582. Let o = b + 600. Is o a composite number?
False
Suppose -8*p - 262 + 54 = 0. Let n be (189/(-39) - -5) + (-76124)/p. Is 4/(-22) - (4 + n/(-11)) a prime number?
False
Let t(l) = l**2 + 6*l - 72. Let b be t(-12). Suppose 5*f - 7*j = -8*j + 50677, -5*f - 4*j + 50683 = b. Is f a composite number?
True
Suppose -38*j + 44707 = -57*j. Let z = j + 5186. Is z prime?
True
Let m(x) = -4916*x - 601. Is m(-6) a prime number?
False
Let o(b) = -12*b - 92. Let r be o(-8). Suppose -4*t + 9827 = -19*d + 22*d, -r*d = -5*t - 13113. Is d a composite number?
True
Let h = -291 - -296. Suppose -4468 = -h*r + 3*r. Is r prime?
False
Suppose 2*t = -8, 2*c - 2*t - 4678 - 4476 = 0. Let j = c + -2579. Is j a composite number?
True
Let z(q) = 46*q + 43. Let b(t) = t + 1. Let i(d) = 3*b(d) + z(d). Suppose x + 6 = 21. Is i(x) prime?
False
Let q = -83869 - -236636. Is q a prime number?
True
Suppose -6*c + c + 4*h + 3397167 = 0, -1358866 = -2*c + 2*h. Is c a prime number?
False
Suppose -19*z = -1759960 - 583054 + 559465. Is z prime?
True
Let a be (-1 + 8/6)/(1/183). Suppose -a*k + 3436 = -57*k. Is k prime?
True
Let n = 86 - 80. Let o be ((n/10)/((-7)/(-35)))/1. Suppose o*b - 49 - 98 = 0. Is b composite?
True
Suppose -2*z + 5*y + 13377 = -60046, 0 = -5*y + 25. Suppose -4*u = 0, 0 = 3*a + 2*u - 15793 - 1691. Suppose -16*r + z = a. Is r prime?
True
Let f be (-54)/10 + 52/130. Let h(w) = -142*w**3 - 7*w**2 - 18*w - 8. Is h(f) a composite number?
False
Let d(v) = v**2 + 25*v - 80. Let h be d(-28). Suppose -6255 = -h*z - z - 2*b, -b = -3*z + 3742. Is z a composite number?
False
Let u be 3 + 7 + -15 + 13766. Suppose 16*q = u + 10927. Is q prime?
True
Suppose 1336*j = 1334*j + 16, 0 = -5*p + j + 5366987. Is p a composite number?
False
Let b(f) = 673*f**2 + 27*f - 123. Is b(4) prime?
True
Let l(m) = 3*m**2 - 33*m - 17. Let w be l(23). Suppose 5*z - w = 4*a, 3*z - 484 = 5*a - 0*a. Is z prime?
True
Suppose -28*w + 8 = -27*w. Suppose w*l - 20950 = 9666. Is l composite?
True
Is 8/(-2) + 39519 + 4/(-4)*-6 a composite number?
False
Let o = 4412 - -291. Is (-6 - -10) + -6 + o a composite number?
True
Let n = 222675 - -20996. Is n a prime number?
True
Let w(j) = 4*j**3 + 31*j**2 - 3*j - 139. Is w(14) a prime number?
True
Let h(g) = -547*g**3 - 3*g**2 + 10*g + 89. Is h(-5) composite?
True
Suppose 0 = -7*x + 92 + 98111. Is x a prime number?
True
Let c(q) = -3*q**2 - 6*q - 15. Let f(k) = -2*k**2 - 6*k - 16. Let d(u) = 3*c(u) - 4*f(u). Let z be d(8). Is (3 - -1396) + z + -3 prime?
True
Let v(i) = 3*i**3 - 11*i**2 - 7*i + 6. Let t be v(4). Let r(j) = -28*j**3 + 8*j**2 - j + 11. Is r(t) a composite number?
False
Let b(q) = 8*q**3 + 2*q**2 + q. Let c be b(-1). Let h(r) = 2 + 730*r + 621*r - 1993*r - 3. Is h(c) prime?
True
Suppose -2901*h = -2908*h + 395633. Is h a prime number?
True
Let q = 284 - 279. Is (105/(-20) + q)*-55804 composite?
True
Let d(b) = 11*b**3 - 19*b**2 + 5*b - 4. Let j be d(9). Let l = 11668 - j. Is l a prime number?
True
Let r be 9/27*-6*(-764 + 1). Suppose -r = -12*a + 3058. Is a composite?
True
Let v(r) = 15016*r**2 - 1077*r - 3232. Is v(-3) a prime number?
False
Let k(z) = 1379*z**2 + 8*z**3 + 28 + z + 2*z - 1385*z**2. Is k(9) a composite number?
True
Let c = -131 - -357. Suppose -753 = -y + c. Let t = -500 + y. Is t composite?
False
Suppose m = -5*o - 2*m + 6, 4*o = m - 2. Suppose -w + 3*j + 6313 = o, -2*w = -2*j + 4777 - 17395. Suppose -w = -14*c + 7*c. Is c a prime number?
False
Suppose -367*x = -365*x - 852. Suppose x = 5*s + 4*p, 0 = -4*s + 4*p + 93 + 255. Is s a composite number?
True
Let i = -2130 - -14789. Is i a composite number?
False
Let y(j) = -1193*j + 7906. Is y(-45) a prime number?
False
Let o = 38938 + -22607. Is o a composite number?
True
Let a(q) = -q - 54 + 3*q**3 + 0*q**3 + 97 + 2*q**3 - 4*q**3. Is a(14) prime?
False
Let w = -1624 + 5896. Let i be (-27)/(-18) + 6/4. Suppose -j + 4268 = 3*r, i*r - j - 2*j - w = 0. Is r composite?
False
Let q(k) = -769*k + 216. Let n be q(-7). Suppose -16797 = 4*x - 7*x + a, -a - n = -x. Is x prime?
False
Suppose 0 = 2*l + c + 6 - 22, -c = 3*l - 26. Is (-6)/l*12/18*-205 a composite number?
True
Let b(m) = 3232*m**2 + 7*m - 135. Is b(-8) a prime number?
False
Suppose -19*d - 21 = -78. Suppose d*h - 2*f - 6977 = 0, -5*f + 10*f = 5*h - 11620. Is h a prime number?
False
Suppose 4*q = 5*j + 2802, q + 33*j - 699 = 35*j. Is q a prime number?
False
Is 3/(9 - (-1091970)/(-121332)) prime?
False
Suppose -7*u + 12*u - 2085459 = 2*z, 0 = -5*u - 2*z + 2085431. Is u a prime number?
True
Let y(z) be the third derivative of z**6/120 + z**5/60 - z**4/6 + z**3/2 + 16*z**2 - 4*z. Is y(5) a prime number?
False
Let v = 22476 - 5009. Is v prime?
True
Is (75212/12)/((-272)/(-24) + -11) a composite number?
False
Let c(l) = 9121*l**2 + 52*l + 133. Is c(-4) prime?
True
Suppose 0*v + 5*v = 84380. Let i = -11193 + v. Is i a prime number?
True
Suppose 10 = -2*y, 4*j - 2*y + 43 = -5*y. Let u be ((-1)/1)/(j/28). Suppose u*n = -2*g + 13956, 2*n - 2*g - 4937 = 2041. Is n a composite number?
True
Let b = -96 + 120. Let a = 23 - b. Is (6/(-4))/(a*12/5384) prime?
True
Let o(k) = -19*k - 74. Let p be o(-7). Suppose -48*v = -p*v + 41173. Is v a composite number?
True
Let g(k) = 17*k - 102. Let s be g(6). Suppose -6*l + 10554 = -s*l. Is l a prime number?
True
Let m(i) = 85*i**3 - i**2 - 3*i - 13. Is m(10) prime?
True
Let s(x) = -22*x + 671. Let v be s(0). Let b be 1704/(-14) + 6/(-21). Let c = v - b. Is c a composite number?
True
Let j(w) = 39*w**3 - 9*w**2 - 60*w - 49. Is j(40) composite?
False
Let v(x) = 79*x**3 + 3*x**2 - 3*x + 2. Let o be v(2). Let c(r) = -3*r + 28. Let i be c(7). Suppose -i*g = -718 - o. Is g composite?
True
Let b(w) = 353*w**2 - 134*w - 1. Is b(-26) a prime number?
False
Let g(m) = -204*m - 13. Let r be g(4). Let u = r + 2462. Is u prime?
False
Let k = -11781 + 44134. Is k prime?
True
Let z(s) = 1220*s**2 + 37*s - 69. Is z(8) prime?
True
Suppose 0 = -3*t + 8*t + t. Suppose -5*z - 4*m + 10498 = t, -5*m - 3745 = -3*z + 2539. Is z a prime number?
False
Let x(h) = 69 - 10*h + 20*h + 460*h**2 - 5*h - 2*h. Is x(-10) composite?
True
Let i(j) = 7*j + 182. Let h be i(-30). Is (11459/h - 5)*-4 a prime number?
True
Let f be (-4)/(-1) - (-19 - -52). Is (f/1)/((-4)/92) prime?
False
Is 2 + (-6)/(6/(-28319)) + 0 a prime number?
False
Suppose -185*i - 10921485 + 52352928 = -62*i. Is i a prime number?
False
Suppose -25 = 11*b + 8. Let k be 0/(b - (4 - 5)). Is (k + -1 + -4408)/(2 + -3) a composite number?
False
Let y = 210978 + 127855. Is y prime?
False
Let k(y) = 2295*y**2 + 31*y + 77. Let f be ((-3)/5)/((-10 - -6)/(-20)). Is k(f) composite?
False
Let c be ((-26)/(-39))/(2/(-68